{"id":17651,"date":"2017-09-19T11:33:45","date_gmt":"2017-09-19T11:33:45","guid":{"rendered":"http:\/\/bahai.be\/bicentenary\/"},"modified":"2018-01-05T14:25:28","modified_gmt":"2018-01-05T14:25:28","slug":"bicentenary","status":"publish","type":"page","link":"https:\/\/bahai.be\/de\/bicentenary\/","title":{"rendered":"200. JAHRESTAG DER GEBURT BAH\u00c1\u2019U\u2019LL\u00c1HS"},"content":{"rendered":"<div class=\"wpb-content-wrapper\"><p>[vc_row css_animation=&#8220;&#8220; row_type=&#8220;row&#8220; use_row_as_full_screen_section=&#8220;no&#8220; type=&#8220;grid&#8220; angled_section=&#8220;no&#8220; text_align=&#8220;left&#8220; background_image_as_pattern=&#8220;without_pattern&#8220; css=&#8220;.vc_custom_1505896425334{padding-top: 4% !important;padding-bottom: 1% !important;}&#8220;][vc_column]<div class=\"custom_font_holder \" style=\"font-family: crimson text; font-style: normal; font-weight: 400; color: #4c4c4c; text-decoration: none; text-align: center; --qode-cf-font-size: 45px; --qode-cf-line-height: 55px; --qode-cf-font-size-1440: 45px; --qode-cf-line-height-1440: 55px; --qode-cf-font-size-1366: 45px; --qode-cf-line-height-1366: 55px; --qode-cf-font-size-1280: 45px; --qode-cf-line-height-1280: 55px; --qode-cf-font-size-1024: 45px; --qode-cf-line-height-1024: 55px; --qode-cf-font-size-768: 45px; --qode-cf-line-height-768: 55px; --qode-cf-font-size-680: 45px; --qode-cf-line-height-680: 55px; --qode-cf-font-size-480: 45px; --qode-cf-line-height-480: 55px;\">200. Jahrestag der Geburt Bah\u00e1&#8217;u&#8217;ll\u00e1hs<\/div>[\/vc_column][\/vc_row][vc_row css_animation=&#8220;&#8220; row_type=&#8220;row&#8220; use_row_as_full_screen_section=&#8220;no&#8220; type=&#8220;grid&#8220; angled_section=&#8220;no&#8220; text_align=&#8220;left&#8220; background_image_as_pattern=&#8220;without_pattern&#8220; css=&#8220;.vc_custom_1505826233836{padding-top: 4% !important;padding-bottom: 8% !important;}&#8220;][vc_column width=&#8220;2\/3&#8243; offset=&#8220;vc_col-lg-offset-2&#8243;][vc_column_text]<\/p>\n<p style=\"text-align: justify;\">Vor zweihundert Jahren wurde in Persien (im heutigen Iran) \u2013 zu einer Zeit, als jenes Land erst anfing, sich mit dem Gedankengut der westlichen Moderne auseinanderzusetzen und unter der ausbeutenden Hand eines m\u00e4chtigen und sehr traditionellen Klerus noch tief im Aberglauben verhaftet war \u2013 ein Kind in eine Adelsfamilie in Teheran hineingeboren, als erstgeborener Sohn eines hochgeachteten Beraters des k\u00f6niglichen Hofes, bekannt f\u00fcr seine Ehrlichkeit und Intelligenz.<\/p>\n<p>[\/vc_column_text][vc_empty_space][vc_column_text]<\/p>\n<p style=\"text-align: justify;\">Aus diesem Jungen wurde ein junger Mann, der sich stets in Wort, Schrift und Tat f\u00fcr Frieden, Gerechtigkeit und eine bessere Welt einsetzte. Leider f\u00fchrten seine Ehrlichkeit und die Ideale, die er so deutlich vertrat, zu Gefangenschaft, Folter und Verbannung. Aber trotz stetiger und intensiver Verfolgung verschafften ihm sein edler Charakter und seine Lehren zunehmend Aufmerksamkeit und eine wachsende Schar von Anh\u00e4ngern. Diese Gemeinschaft setzte eine neue Dynamik des ethischen, geistigen und sozialen Fortschritts in Bewegung, die bald \u00fcber regionale Grenzen hinauswuchs, um letztendlich die gesamte Welt zu umspannen.<\/p>\n<p>[\/vc_column_text][vc_empty_space][vc_column_text]<\/p>\n<p style=\"text-align: justify;\">Diese Bewegung ist die Bah\u00e1\u2019\u00ed-Religion, und die Worte ihres Stifters werden heute von Millionen Gl\u00e4ubigen auf der ganzen Erde geachtet als Gottes Botschaft an eine Welt in tiefgreifender Ver\u00e4nderung. Nie zuvor war das Bed\u00fcrfnis nach Einheit, Frieden, Gerechtigkeit und Hoffnung sp\u00fcrbarer als heute. Nie zuvor war eine Botschaft zeitgem\u00e4\u00dfer, relevanter.<\/p>\n<p>[\/vc_column_text][vc_empty_space][vc_column_text]<\/p>\n<p style=\"text-align: justify;\">Die Bah\u00e1&#8217;\u00ed-Gemeinde Belgien l\u00e4dt Sie ein, mit uns den 200. Jahrestag der Geburt Bah\u00e1\u2019u\u2019ll\u00e1hs zu feiern.<\/p>\n<p>[\/vc_column_text][vc_empty_space][\/vc_column][\/vc_row][vc_row row_type=&#8220;parallax&#8220; parallax_content_width=&#8220;full_width&#8220; text_align=&#8220;left&#8220; background_image=&#8220;17791&#8243; full_screen_section_height=&#8220;no&#8220; section_height=&#8220;680&#8243; css=&#8220;.vc_custom_1507898815042{padding-top: 4% !important;padding-right: 0px !important;padding-bottom: 0px !important;padding-left: 0px !important;}&#8220;][vc_column css=&#8220;.vc_custom_1489737743485{padding-right: 0px !important;padding-left: 0px !important;}&#8220;][\/vc_column][\/vc_row][vc_row css_animation=&#8220;&#8220; row_type=&#8220;row&#8220; use_row_as_full_screen_section=&#8220;no&#8220; type=&#8220;grid&#8220; angled_section=&#8220;no&#8220; text_align=&#8220;left&#8220; background_image_as_pattern=&#8220;without_pattern&#8220; css=&#8220;.vc_custom_1505822394163{padding-top: 8% !important;padding-bottom: 8% !important;}&#8220;][vc_column]<div class=\"custom_font_holder \" style=\"font-family: crimson text; font-style: normal; font-weight: 400; color: #4c4c4c; text-decoration: none; text-align: center; --qode-cf-font-size: 45px; --qode-cf-line-height: 55px; --qode-cf-font-size-1440: 45px; --qode-cf-line-height-1440: 55px; --qode-cf-font-size-1366: 45px; --qode-cf-line-height-1366: 55px; --qode-cf-font-size-1280: 45px; --qode-cf-line-height-1280: 55px; --qode-cf-font-size-1024: 45px; --qode-cf-line-height-1024: 55px; --qode-cf-font-size-768: 45px; --qode-cf-line-height-768: 55px; --qode-cf-font-size-680: 45px; --qode-cf-line-height-680: 55px; --qode-cf-font-size-480: 45px; --qode-cf-line-height-480: 55px;\">Dokumentar-Film zur 200. Jahrfeier<\/div>[vc_empty_space height=&#8220;40px&#8220;][vc_column_text]<\/p>\n<p style=\"text-align: justify;\">Eine 51-minutige Dokumentarstreife, welche gewisse Facetten des Lebens und der Lehren Bah\u00e1\u2019u\u2019ll\u00e1hs beschreibt und einige der umwandelnden Auswirkungen im Leben einzelner Menschen und ihrer Gemeinden darstellt, wurde speziell f\u00fcr den Anlass der 200. Jahresfeier hergestellt. Hierunter finden Sie die englische Version mit deutschen Untertiteln.<\/p>\n<p>[\/vc_column_text][vc_empty_space][vc_video link=&#8220;https:\/\/www.youtube.com\/watch?v=vi5spO1B0KI&#8220;][vc_empty_space][vc_separator type=&#8220;normal&#8220; color=&#8220;#dddddd&#8220; up=&#8220;30&#8243; down=&#8220;70&#8243;][vc_column_text]<\/p>\n<p style=\"text-align: justify;\">F\u00fcr mehr \u00fcber die Bah\u00e1\u2019\u00ed-Religion (leider nur auf Franz\u00f6sisch) empfiehlt es sich eine hervorragende Sendung der Radio Catholique Francophone (RCF) \u2013 sechzig Minuten klare Information und Ausz\u00fcge der Schriften und Gebete Bah\u00e1\u2019u\u2019ll\u00e1hs:\u00a0<a href=\"https:\/\/rcf.fr\/spiritualite\/200e-anniversaire-de-bahaullah-fondateur-des-bahais\">Die Sendung anh\u00f6ren<\/a><\/p>\n<p>[\/vc_column_text][vc_empty_space height=&#8220;65px&#8220;][vc_single_image image=&#8220;17556&#8243; img_size=&#8220;full&#8220; alignment=&#8220;center&#8220; onclick=&#8220;custom_link&#8220; img_link_target=&#8220;_blank&#8220; qode_css_animation=&#8220;&#8220; link=&#8220;https:\/\/rcf.fr\/spiritualite\/200e-anniversaire-de-bahaullah-fondateur-des-bahais&#8220;][\/vc_column][\/vc_row][vc_row css_animation=&#8220;&#8220; row_type=&#8220;row&#8220; use_row_as_full_screen_section=&#8220;no&#8220; type=&#8220;full_width&#8220; angled_section=&#8220;no&#8220; text_align=&#8220;left&#8220; background_image_as_pattern=&#8220;without_pattern&#8220;][vc_column][\/vc_column][\/vc_row]<\/p>\n<\/div>","protected":false},"excerpt":{"rendered":"<p>[vc_row css_animation=&#8220;&#8220; row_type=&#8220;row&#8220; use_row_as_full_screen_section=&#8220;no&#8220; type=&#8220;grid&#8220; angled_section=&#8220;no&#8220; text_align=&#8220;left&#8220; background_image_as_pattern=&#8220;without_pattern&#8220; css=&#8220;.vc_custom_1505896425334{padding-top: 4% !important;padding-bottom: 1% !important;}&#8220;][vc_column][\/vc_column][\/vc_row][vc_row css_animation=&#8220;&#8220; row_type=&#8220;row&#8220; use_row_as_full_screen_section=&#8220;no&#8220; type=&#8220;grid&#8220; angled_section=&#8220;no&#8220; text_align=&#8220;left&#8220; background_image_as_pattern=&#8220;without_pattern&#8220; css=&#8220;.vc_custom_1505826233836{padding-top: 4% !important;padding-bottom: 8% !important;}&#8220;][vc_column width=&#8220;2\/3&#8243; offset=&#8220;vc_col-lg-offset-2&#8243;][vc_column_text] Vor zweihundert Jahren wurde in Persien (im heutigen Iran) \u2013 zu einer Zeit, als jenes Land erst anfing, sich mit dem Gedankengut der westlichen Moderne auseinanderzusetzen und unter der ausbeutenden Hand eines m\u00e4chtigen und sehr traditionellen Klerus noch tief im Aberglauben verhaftet war \u2013 ein Kind in eine Adelsfamilie in Teheran hineingeboren, als erstgeborener Sohn eines hochgeachteten Beraters des k\u00f6niglichen Hofes, bekannt f\u00fcr seine Ehrlichkeit und Intelligenz. [\/vc_column_text][vc_empty_space][vc_column_text] Aus diesem Jungen wurde ein junger Mann, der sich stets in Wort, Schrift und Tat f\u00fcr Frieden, Gerechtigkeit und eine bessere Welt einsetzte. Leider f\u00fchrten seine Ehrlichkeit und die Ideale, die er so deutlich vertrat, zu Gefangenschaft, Folter und Verbannung. Aber trotz stetiger und intensiver Verfolgung verschafften ihm sein edler Charakter und seine Lehren zunehmend&#8230;<\/p>\n","protected":false},"author":1,"featured_media":0,"parent":0,"menu_order":0,"comment_status":"open","ping_status":"closed","template":"full_width.php","meta":{"footnotes":""},"class_list":["post-17651","page","type-page","status-publish","hentry"],"_links":{"self":[{"href":"https:\/\/bahai.be\/de\/wp-json\/wp\/v2\/pages\/17651","targetHints":{"allow":["GET"]}}],"collection":[{"href":"https:\/\/bahai.be\/de\/wp-json\/wp\/v2\/pages"}],"about":[{"href":"https:\/\/bahai.be\/de\/wp-json\/wp\/v2\/types\/page"}],"author":[{"embeddable":true,"href":"https:\/\/bahai.be\/de\/wp-json\/wp\/v2\/users\/1"}],"replies":[{"embeddable":true,"href":"https:\/\/bahai.be\/de\/wp-json\/wp\/v2\/comments?post=17651"}],"version-history":[{"count":9,"href":"https:\/\/bahai.be\/de\/wp-json\/wp\/v2\/pages\/17651\/revisions"}],"predecessor-version":[{"id":17814,"href":"https:\/\/bahai.be\/de\/wp-json\/wp\/v2\/pages\/17651\/revisions\/17814"}],"wp:attachment":[{"href":"https:\/\/bahai.be\/de\/wp-json\/wp\/v2\/media?parent=17651"}],"curies":[{"name":"wp","href":"https:\/\/api.w.org\/{rel}","templated":true}]}}

200. JAHRESTAG DER GEBURT BAHÁ’U’LLÁHS

<div class="wpb-content-wrapper"><p>[vc_row css_animation=&#8220;&#8220; row_type=&#8220;row&#8220; use_row_as_full_screen_section=&#8220;no&#8220; type=&#8220;grid&#8220; angled_section=&#8220;no&#8220; text_align=&#8220;left&#8220; background_image_as_pattern=&#8220;without_pattern&#8220; css=&#8220;.vc_custom_1505896425334{padding-top: 4% !important;padding-bottom: 1% !important;}&#8220;][vc_column]<div class="custom_font_holder " style="font-family: crimson text; font-style: normal; font-weight: 400; color: #4c4c4c; text-decoration: none; text-align: center; --qode-cf-font-size: 45px; --qode-cf-line-height: 55px; --qode-cf-font-size-1440: 45px; --qode-cf-line-height-1440: 55px; --qode-cf-font-size-1366: 45px; --qode-cf-line-height-1366: 55px; --qode-cf-font-size-1280: 45px; --qode-cf-line-height-1280: 55px; --qode-cf-font-size-1024: 45px; --qode-cf-line-height-1024: 55px; --qode-cf-font-size-768: 45px; --qode-cf-line-height-768: 55px; --qode-cf-font-size-680: 45px; --qode-cf-line-height-680: 55px; --qode-cf-font-size-480: 45px; --qode-cf-line-height-480: 55px;">200. Jahrestag der Geburt Bahá&#8217;u&#8217;lláhs</div>[/vc_column][/vc_row][vc_row css_animation=&#8220;&#8220; row_type=&#8220;row&#8220; use_row_as_full_screen_section=&#8220;no&#8220; type=&#8220;grid&#8220; angled_section=&#8220;no&#8220; text_align=&#8220;left&#8220; background_image_as_pattern=&#8220;without_pattern&#8220; css=&#8220;.vc_custom_1505826233836{padding-top: 4% !important;padding-bottom: 8% !important;}&#8220;][vc_column width=&#8220;2/3&#8243; offset=&#8220;vc_col-lg-offset-2&#8243;][vc_column_text]</p>
<p style="text-align: justify;">Vor zweihundert Jahren wurde in Persien (im heutigen Iran) – zu einer Zeit, als jenes Land erst anfing, sich mit dem Gedankengut der westlichen Moderne auseinanderzusetzen und unter der ausbeutenden Hand eines mächtigen und sehr traditionellen Klerus noch tief im Aberglauben verhaftet war – ein Kind in eine Adelsfamilie in Teheran hineingeboren, als erstgeborener Sohn eines hochgeachteten Beraters des königlichen Hofes, bekannt für seine Ehrlichkeit und Intelligenz.</p>
<p>[/vc_column_text][vc_empty_space][vc_column_text]</p>
<p style="text-align: justify;">Aus diesem Jungen wurde ein junger Mann, der sich stets in Wort, Schrift und Tat für Frieden, Gerechtigkeit und eine bessere Welt einsetzte. Leider führten seine Ehrlichkeit und die Ideale, die er so deutlich vertrat, zu Gefangenschaft, Folter und Verbannung. Aber trotz stetiger und intensiver Verfolgung verschafften ihm sein edler Charakter und seine Lehren zunehmend Aufmerksamkeit und eine wachsende Schar von Anhängern. Diese Gemeinschaft setzte eine neue Dynamik des ethischen, geistigen und sozialen Fortschritts in Bewegung, die bald über regionale Grenzen hinauswuchs, um letztendlich die gesamte Welt zu umspannen.</p>
<p>[/vc_column_text][vc_empty_space][vc_column_text]</p>
<p style="text-align: justify;">Diese Bewegung ist die Bahá’í-Religion, und die Worte ihres Stifters werden heute von Millionen Gläubigen auf der ganzen Erde geachtet als Gottes Botschaft an eine Welt in tiefgreifender Veränderung. Nie zuvor war das Bedürfnis nach Einheit, Frieden, Gerechtigkeit und Hoffnung spürbarer als heute. Nie zuvor war eine Botschaft zeitgemäßer, relevanter.</p>
<p>[/vc_column_text][vc_empty_space][vc_column_text]</p>
<p style="text-align: justify;">Die Bahá&#8217;í-Gemeinde Belgien lädt Sie ein, mit uns den 200. Jahrestag der Geburt Bahá’u’lláhs zu feiern.</p>
<p>[/vc_column_text][vc_empty_space][/vc_column][/vc_row][vc_row row_type=&#8220;parallax&#8220; parallax_content_width=&#8220;full_width&#8220; text_align=&#8220;left&#8220; background_image=&#8220;17791&#8243; full_screen_section_height=&#8220;no&#8220; section_height=&#8220;680&#8243; css=&#8220;.vc_custom_1507898815042{padding-top: 4% !important;padding-right: 0px !important;padding-bottom: 0px !important;padding-left: 0px !important;}&#8220;][vc_column css=&#8220;.vc_custom_1489737743485{padding-right: 0px !important;padding-left: 0px !important;}&#8220;][/vc_column][/vc_row][vc_row css_animation=&#8220;&#8220; row_type=&#8220;row&#8220; use_row_as_full_screen_section=&#8220;no&#8220; type=&#8220;grid&#8220; angled_section=&#8220;no&#8220; text_align=&#8220;left&#8220; background_image_as_pattern=&#8220;without_pattern&#8220; css=&#8220;.vc_custom_1505822394163{padding-top: 8% !important;padding-bottom: 8% !important;}&#8220;][vc_column]<div class="custom_font_holder " style="font-family: crimson text; font-style: normal; font-weight: 400; color: #4c4c4c; text-decoration: none; text-align: center; --qode-cf-font-size: 45px; --qode-cf-line-height: 55px; --qode-cf-font-size-1440: 45px; --qode-cf-line-height-1440: 55px; --qode-cf-font-size-1366: 45px; --qode-cf-line-height-1366: 55px; --qode-cf-font-size-1280: 45px; --qode-cf-line-height-1280: 55px; --qode-cf-font-size-1024: 45px; --qode-cf-line-height-1024: 55px; --qode-cf-font-size-768: 45px; --qode-cf-line-height-768: 55px; --qode-cf-font-size-680: 45px; --qode-cf-line-height-680: 55px; --qode-cf-font-size-480: 45px; --qode-cf-line-height-480: 55px;">Dokumentar-Film zur 200. Jahrfeier</div>[vc_empty_space height=&#8220;40px&#8220;][vc_column_text]</p>
<p style="text-align: justify;">Eine 51-minutige Dokumentarstreife, welche gewisse Facetten des Lebens und der Lehren Bahá’u’lláhs beschreibt und einige der umwandelnden Auswirkungen im Leben einzelner Menschen und ihrer Gemeinden darstellt, wurde speziell für den Anlass der 200. Jahresfeier hergestellt. Hierunter finden Sie die englische Version mit deutschen Untertiteln.</p>
<p>[/vc_column_text][vc_empty_space][vc_video link=&#8220;https://www.youtube.com/watch?v=vi5spO1B0KI&#8220;][vc_empty_space][vc_separator type=&#8220;normal&#8220; color=&#8220;#dddddd&#8220; up=&#8220;30&#8243; down=&#8220;70&#8243;][vc_column_text]</p>
<p style="text-align: justify;">Für mehr über die Bahá’í-Religion (leider nur auf Französisch) empfiehlt es sich eine hervorragende Sendung der Radio Catholique Francophone (RCF) – sechzig Minuten klare Information und Auszüge der Schriften und Gebete Bahá’u’lláhs: <a href="https://rcf.fr/spiritualite/200e-anniversaire-de-bahaullah-fondateur-des-bahais">Die Sendung anhören</a></p>
<p>[/vc_column_text][vc_empty_space height=&#8220;65px&#8220;][vc_single_image image=&#8220;17556&#8243; img_size=&#8220;full&#8220; alignment=&#8220;center&#8220; onclick=&#8220;custom_link&#8220; img_link_target=&#8220;_blank&#8220; qode_css_animation=&#8220;&#8220; link=&#8220;https://rcf.fr/spiritualite/200e-anniversaire-de-bahaullah-fondateur-des-bahais&#8220;][/vc_column][/vc_row][vc_row css_animation=&#8220;&#8220; row_type=&#8220;row&#8220; use_row_as_full_screen_section=&#8220;no&#8220; type=&#8220;full_width&#8220; angled_section=&#8220;no&#8220; text_align=&#8220;left&#8220; background_image_as_pattern=&#8220;without_pattern&#8220;][vc_column][/vc_column][/vc_row]</p>
</div>

<p>[vc_row css_animation=&#8220;&#8220; row_type=&#8220;row&#8220; use_row_as_full_screen_section=&#8220;no&#8220; type=&#8220;grid&#8220; angled_section=&#8220;no&#8220; text_align=&#8220;left&#8220; background_image_as_pattern=&#8220;without_pattern&#8220; css=&#8220;.vc_custom_1505896425334{padding-top: 4% !important;padding-bottom: 1% !important;}&#8220;][vc_column][/vc_column][/vc_row][vc_row css_animation=&#8220;&#8220; row_type=&#8220;row&#8220; use_row_as_full_screen_section=&#8220;no&#8220; type=&#8220;grid&#8220; angled_section=&#8220;no&#8220; text_align=&#8220;left&#8220; background_image_as_pattern=&#8220;without_pattern&#8220; css=&#8220;.vc_custom_1505826233836{padding-top: 4% !important;padding-bottom: 8% !important;}&#8220;][vc_column width=&#8220;2/3&#8243; offset=&#8220;vc_col-lg-offset-2&#8243;][vc_column_text] Vor zweihundert Jahren wurde in Persien (im heutigen Iran) – zu einer Zeit, als jenes Land erst anfing, sich mit dem Gedankengut der westlichen Moderne auseinanderzusetzen und unter der ausbeutenden Hand eines mächtigen und sehr traditionellen Klerus noch tief im Aberglauben verhaftet war – ein Kind in eine Adelsfamilie in Teheran hineingeboren, als erstgeborener Sohn eines hochgeachteten Beraters des königlichen Hofes, bekannt für seine Ehrlichkeit und Intelligenz. [/vc_column_text][vc_empty_space][vc_column_text] Aus diesem Jungen wurde ein junger Mann, der sich stets in Wort, Schrift und Tat für Frieden, Gerechtigkeit und eine bessere Welt einsetzte. Leider führten seine Ehrlichkeit und die Ideale, die er so deutlich vertrat, zu Gefangenschaft, Folter und Verbannung. Aber trotz stetiger und intensiver Verfolgung verschafften ihm sein edler Charakter und seine Lehren zunehmend&#8230;</p>
