{"id":17537,"date":"2017-09-19T11:33:45","date_gmt":"2017-09-19T11:33:45","guid":{"rendered":"http:\/\/bahai.be\/?page_id=17537\/"},"modified":"2018-01-05T13:49:35","modified_gmt":"2018-01-05T13:49:35","slug":"bicentenary","status":"publish","type":"page","link":"https:\/\/bahai.be\/fr\/bicentenary\/","title":{"rendered":"BICENTENAIRE DE LA NAISSANCE DE BAH\u00c1\u2019U\u2019LL\u00c1H"},"content":{"rendered":"<div class=\"wpb-content-wrapper\"><p>[vc_row css_animation=\u00a0\u00bb\u00a0\u00bb row_type=\u00a0\u00bbrow\u00a0\u00bb use_row_as_full_screen_section=\u00a0\u00bbno\u00a0\u00bb type=\u00a0\u00bbgrid\u00a0\u00bb angled_section=\u00a0\u00bbno\u00a0\u00bb text_align=\u00a0\u00bbleft\u00a0\u00bb background_image_as_pattern=\u00a0\u00bbwithout_pattern\u00a0\u00bb css=\u00a0\u00bb.vc_custom_1505896425334{padding-top: 4% !important;padding-bottom: 1% !important;}\u00a0\u00bb][vc_column]<div class=\"custom_font_holder \" style=\"font-family: crimson text; font-style: normal; font-weight: 400; color: #4c4c4c; text-decoration: none; text-align: center; --qode-cf-font-size: 45px; --qode-cf-line-height: 55px; --qode-cf-font-size-1440: 45px; --qode-cf-line-height-1440: 55px; --qode-cf-font-size-1366: 45px; --qode-cf-line-height-1366: 55px; --qode-cf-font-size-1280: 45px; --qode-cf-line-height-1280: 55px; --qode-cf-font-size-1024: 45px; --qode-cf-line-height-1024: 55px; --qode-cf-font-size-768: 45px; --qode-cf-line-height-768: 55px; --qode-cf-font-size-680: 45px; --qode-cf-line-height-680: 55px; --qode-cf-font-size-480: 45px; --qode-cf-line-height-480: 55px;\">Bicentenaire de la naissance de Bah\u00e1&rsquo;u&rsquo;ll\u00e1h<\/div>[\/vc_column][\/vc_row][vc_row css_animation=\u00a0\u00bb\u00a0\u00bb row_type=\u00a0\u00bbrow\u00a0\u00bb use_row_as_full_screen_section=\u00a0\u00bbno\u00a0\u00bb type=\u00a0\u00bbgrid\u00a0\u00bb angled_section=\u00a0\u00bbno\u00a0\u00bb text_align=\u00a0\u00bbleft\u00a0\u00bb background_image_as_pattern=\u00a0\u00bbwithout_pattern\u00a0\u00bb css=\u00a0\u00bb.vc_custom_1505826233836{padding-top: 4% !important;padding-bottom: 8% !important;}\u00a0\u00bb][vc_column width=\u00a0\u00bb2\/3&Prime; offset=\u00a0\u00bbvc_col-lg-offset-2&Prime;][vc_column_text]<\/p>\n<p style=\"text-align: justify;\">Il y a 200\u00a0ans en Perse (l&rsquo;Iran actuel), dans un pays qui commen\u00e7ait tout juste \u00e0 s&rsquo;ouvrir aux id\u00e9es occidentales mais \u00e9tait encore domin\u00e9 par la superstition et bloqu\u00e9 dans son avancement par un clerg\u00e9 puissant et profond\u00e9ment traditionnel, naquit un gar\u00e7on dans une noble famille de T\u00e9h\u00e9ran. C&rsquo;\u00e9tait le premier-n\u00e9 d&rsquo;un conseiller tr\u00e8s respect\u00e9 \u00e0 la Cour, un homme int\u00e8gre et vertueux, dont les conseils \u00e9taient recherch\u00e9s par les plus hauts dignitaires du pays.<\/p>\n<p>[\/vc_column_text][vc_empty_space][vc_column_text]<\/p>\n<p style=\"text-align: justify;\">Ce gar\u00e7on allait devenir un ardent d\u00e9fenseur de la paix, de la justice et du changement. Son amour pour la v\u00e9rit\u00e9 et les id\u00e9es qu&rsquo;il exprima dans ses \u00e9crits lui valurent d&rsquo;\u00eatre emprisonn\u00e9, tortur\u00e9 et banni. Malgr\u00e9 une intense pers\u00e9cution, sa vie et ses enseignements ont galvanis\u00e9 une communaut\u00e9 croissante de disciples, en initiant une dynamique de progr\u00e8s moral, spirituel et social qui a rayonn\u00e9 bien au-del\u00e0 de la r\u00e9gion pour embrasser la Terre enti\u00e8re.<\/p>\n<p>[\/vc_column_text][vc_empty_space][vc_column_text]<\/p>\n<p style=\"text-align: justify;\">Ce mouvement s&rsquo;appelle la foi bah\u00e1&rsquo;\u00ede, et les paroles de son fondateur, Bah\u00e1&rsquo;u&rsquo;ll\u00e1h, sont aujourd&rsquo;hui consid\u00e9r\u00e9es par des millions de croyants comme le message de Dieu \u00e0 l&rsquo;humanit\u00e9 pour cette p\u00e9riode si cruciale et si critique de notre histoire. Jamais le monde n&rsquo;a eu autant besoin d&rsquo;unit\u00e9, de paix, de justice, d&rsquo;\u00e9galit\u00e9 et d&rsquo;espoir qu&rsquo;aujourd&rsquo;hui. Jamais un message n&rsquo;a \u00e9t\u00e9 si pertinent et appropri\u00e9.<\/p>\n<p>[\/vc_column_text][vc_empty_space][vc_column_text]<\/p>\n<p style=\"text-align: justify;\">\u00c0 l\u2019occasion du bicentenaire de la naissance de Bah\u00e1\u2019u\u2019ll\u00e1h, la communaut\u00e9 bah\u00e1&rsquo;\u00ede de Belgique souhaite vous inviter \u00e0 c\u00e9l\u00e9brer avec elle cet \u00e9v\u00e9nement.<\/p>\n<p>[\/vc_column_text][vc_empty_space][vc_column_text][\/vc_column_text][\/vc_column][\/vc_row][vc_row row_type=\u00a0\u00bbparallax\u00a0\u00bb parallax_content_width=\u00a0\u00bbfull_width\u00a0\u00bb text_align=\u00a0\u00bbleft\u00a0\u00bb background_image=\u00a0\u00bb17791&Prime; full_screen_section_height=\u00a0\u00bbno\u00a0\u00bb section_height=\u00a0\u00bb680&Prime; css=\u00a0\u00bb.vc_custom_1507877561078{padding-top: 4% !important;padding-right: 0px !important;padding-bottom: 0px !important;padding-left: 0px !important;}\u00a0\u00bb][vc_column css=\u00a0\u00bb.vc_custom_1489737743485{padding-right: 0px !important;padding-left: 0px !important;}\u00a0\u00bb][\/vc_column][\/vc_row][vc_row css_animation=\u00a0\u00bb\u00a0\u00bb row_type=\u00a0\u00bbrow\u00a0\u00bb use_row_as_full_screen_section=\u00a0\u00bbno\u00a0\u00bb type=\u00a0\u00bbgrid\u00a0\u00bb angled_section=\u00a0\u00bbno\u00a0\u00bb text_align=\u00a0\u00bbleft\u00a0\u00bb background_image_as_pattern=\u00a0\u00bbwithout_pattern\u00a0\u00bb css=\u00a0\u00bb.vc_custom_1505822394163{padding-top: 8% !important;padding-bottom: 8% !important;}\u00a0\u00bb][vc_column]<div class=\"custom_font_holder \" style=\"font-family: crimson text; font-style: normal; font-weight: 400; color: #4c4c4c; text-decoration: none; text-align: center; --qode-cf-font-size: 45px; --qode-cf-line-height: 55px; --qode-cf-font-size-1440: 45px; --qode-cf-line-height-1440: 55px; --qode-cf-font-size-1366: 45px; --qode-cf-line-height-1366: 55px; --qode-cf-font-size-1280: 45px; --qode-cf-line-height-1280: 55px; --qode-cf-font-size-1024: 45px; --qode-cf-line-height-1024: 55px; --qode-cf-font-size-768: 45px; --qode-cf-line-height-768: 55px; --qode-cf-font-size-680: 45px; --qode-cf-line-height-680: 55px; --qode-cf-font-size-480: 45px; --qode-cf-line-height-480: 55px;\">Visionnez le film sp\u00e9cialement r\u00e9alis\u00e9 pour le bicentenaire<\/div>[vc_empty_space][vc_column_text]Nous vous invitons \u00e0 regarder le film documentaire de 51 minutes intitul\u00e9 \u00ab\u00a0Lumi\u00e8re du monde\u00a0\u00bb qui relate certains aspects de la vie et des enseignements de Bah\u00e1\u2019u\u2019ll\u00e1h et montre comment son message transforme la vie des individus et des communaut\u00e9s.<\/p>\n<p>&nbsp;<\/p>\n<p>[\/vc_column_text][vc_video link=\u00a0\u00bbhttps:\/\/www.youtube.com\/watch?v=OfuKfAaABaY\u00a0\u00bb][vc_empty_space][vc_separator type=\u00a0\u00bbnormal\u00a0\u00bb color=\u00a0\u00bb#dddddd\u00a0\u00bb up=\u00a0\u00bb30&Prime; down=\u00a0\u00bb70&Prime;][vc_column_text]<\/p>\n<p style=\"text-align: justify;\">Pour en savoir plus sur la religion bah\u00e1\u2019\u00ede, vous pouvez \u00e9couter une tr\u00e8s belle \u00e9mission de la Radio Catholique Francophone (RCF) \u2013 soixante minutes d&rsquo;informations claires, ponctu\u00e9es d&rsquo;\u00e9crits et de pri\u00e8res de Bah\u00e1\u2019u\u2019ll\u00e1h : <a href=\"https:\/\/rcf.fr\/spiritualite\/200e-anniversaire-de-bahaullah-fondateur-des-bahais\">\u00c9coutez l&rsquo;\u00e9mission ici<\/a><\/p>\n<p>[\/vc_column_text][vc_empty_space height=\u00a0\u00bb65px\u00a0\u00bb][vc_single_image image=\u00a0\u00bb17556&Prime; img_size=\u00a0\u00bbfull\u00a0\u00bb alignment=\u00a0\u00bbcenter\u00a0\u00bb onclick=\u00a0\u00bbcustom_link\u00a0\u00bb img_link_target=\u00a0\u00bb_blank\u00a0\u00bb qode_css_animation=\u00a0\u00bb\u00a0\u00bb link=\u00a0\u00bbhttps:\/\/rcf.fr\/spiritualite\/200e-anniversaire-de-bahaullah-fondateur-des-bahais\u00a0\u00bb][\/vc_column][\/vc_row]<\/p>\n<\/div>","protected":false},"excerpt":{"rendered":"<p>[vc_row css_animation=\u00a0\u00bb\u00a0\u00bb row_type=\u00a0\u00bbrow\u00a0\u00bb use_row_as_full_screen_section=\u00a0\u00bbno\u00a0\u00bb type=\u00a0\u00bbgrid\u00a0\u00bb angled_section=\u00a0\u00bbno\u00a0\u00bb text_align=\u00a0\u00bbleft\u00a0\u00bb background_image_as_pattern=\u00a0\u00bbwithout_pattern\u00a0\u00bb css=\u00a0\u00bb.vc_custom_1505896425334{padding-top: 4% !important;padding-bottom: 1% !important;}\u00a0\u00bb][vc_column][\/vc_column][\/vc_row][vc_row css_animation=\u00a0\u00bb\u00a0\u00bb row_type=\u00a0\u00bbrow\u00a0\u00bb use_row_as_full_screen_section=\u00a0\u00bbno\u00a0\u00bb type=\u00a0\u00bbgrid\u00a0\u00bb angled_section=\u00a0\u00bbno\u00a0\u00bb text_align=\u00a0\u00bbleft\u00a0\u00bb background_image_as_pattern=\u00a0\u00bbwithout_pattern\u00a0\u00bb css=\u00a0\u00bb.vc_custom_1505826233836{padding-top: 4% !important;padding-bottom: 8% !important;}\u00a0\u00bb][vc_column width=\u00a0\u00bb2\/3&Prime; offset=\u00a0\u00bbvc_col-lg-offset-2&Prime;][vc_column_text] Il y a 200\u00a0ans en Perse (l&rsquo;Iran actuel), dans un pays qui commen\u00e7ait tout juste \u00e0 s&rsquo;ouvrir aux id\u00e9es occidentales mais \u00e9tait encore domin\u00e9 par la superstition et bloqu\u00e9 dans son avancement par un clerg\u00e9 puissant et profond\u00e9ment traditionnel, naquit un gar\u00e7on dans une noble famille de T\u00e9h\u00e9ran. C&rsquo;\u00e9tait le premier-n\u00e9 d&rsquo;un conseiller tr\u00e8s respect\u00e9 \u00e0 la Cour, un homme int\u00e8gre et vertueux, dont les conseils \u00e9taient recherch\u00e9s par les plus hauts dignitaires du pays. [\/vc_column_text][vc_empty_space][vc_column_text] Ce gar\u00e7on allait devenir un ardent d\u00e9fenseur de la paix, de la justice et du changement. Son amour pour la v\u00e9rit\u00e9 et les id\u00e9es qu&rsquo;il exprima dans ses \u00e9crits lui valurent d&rsquo;\u00eatre emprisonn\u00e9, tortur\u00e9 et banni. Malgr\u00e9 une intense pers\u00e9cution, sa vie et ses enseignements ont galvanis\u00e9&#8230;<\/p>\n","protected":false},"author":1,"featured_media":0,"parent":0,"menu_order":0,"comment_status":"open","ping_status":"closed","template":"full_width.php","meta":{"footnotes":""},"class_list":["post-17537","page","type-page","status-publish","hentry"],"_links":{"self":[{"href":"https:\/\/bahai.be\/fr\/wp-json\/wp\/v2\/pages\/17537","targetHints":{"allow":["GET"]}}],"collection":[{"href":"https:\/\/bahai.be\/fr\/wp-json\/wp\/v2\/pages"}],"about":[{"href":"https:\/\/bahai.be\/fr\/wp-json\/wp\/v2\/types\/page"}],"author":[{"embeddable":true,"href":"https:\/\/bahai.be\/fr\/wp-json\/wp\/v2\/users\/1"}],"replies":[{"embeddable":true,"href":"https:\/\/bahai.be\/fr\/wp-json\/wp\/v2\/comments?post=17537"}],"version-history":[{"count":67,"href":"https:\/\/bahai.be\/fr\/wp-json\/wp\/v2\/pages\/17537\/revisions"}],"predecessor-version":[{"id":17811,"href":"https:\/\/bahai.be\/fr\/wp-json\/wp\/v2\/pages\/17537\/revisions\/17811"}],"wp:attachment":[{"href":"https:\/\/bahai.be\/fr\/wp-json\/wp\/v2\/media?parent=17537"}],"curies":[{"name":"wp","href":"https:\/\/api.w.org\/{rel}","templated":true}]}}

BICENTENAIRE DE LA NAISSANCE DE BAHÁ’U’LLÁH

<div class="wpb-content-wrapper"><p>[vc_row css_animation= » » row_type= »row » use_row_as_full_screen_section= »no » type= »grid » angled_section= »no » text_align= »left » background_image_as_pattern= »without_pattern » css= ».vc_custom_1505896425334{padding-top: 4% !important;padding-bottom: 1% !important;} »][vc_column]<div class="custom_font_holder " style="font-family: crimson text; font-style: normal; font-weight: 400; color: #4c4c4c; text-decoration: none; text-align: center; --qode-cf-font-size: 45px; --qode-cf-line-height: 55px; --qode-cf-font-size-1440: 45px; --qode-cf-line-height-1440: 55px; --qode-cf-font-size-1366: 45px; --qode-cf-line-height-1366: 55px; --qode-cf-font-size-1280: 45px; --qode-cf-line-height-1280: 55px; --qode-cf-font-size-1024: 45px; --qode-cf-line-height-1024: 55px; --qode-cf-font-size-768: 45px; --qode-cf-line-height-768: 55px; --qode-cf-font-size-680: 45px; --qode-cf-line-height-680: 55px; --qode-cf-font-size-480: 45px; --qode-cf-line-height-480: 55px;">Bicentenaire de la naissance de Bahá&rsquo;u&rsquo;lláh</div>[/vc_column][/vc_row][vc_row css_animation= » » row_type= »row » use_row_as_full_screen_section= »no » type= »grid » angled_section= »no » text_align= »left » background_image_as_pattern= »without_pattern » css= ».vc_custom_1505826233836{padding-top: 4% !important;padding-bottom: 8% !important;} »][vc_column width= »2/3&Prime; offset= »vc_col-lg-offset-2&Prime;][vc_column_text]</p>
<p style="text-align: justify;">Il y a 200 ans en Perse (l&rsquo;Iran actuel), dans un pays qui commençait tout juste à s&rsquo;ouvrir aux idées occidentales mais était encore dominé par la superstition et bloqué dans son avancement par un clergé puissant et profondément traditionnel, naquit un garçon dans une noble famille de Téhéran. C&rsquo;était le premier-né d&rsquo;un conseiller très respecté à la Cour, un homme intègre et vertueux, dont les conseils étaient recherchés par les plus hauts dignitaires du pays.</p>
<p>[/vc_column_text][vc_empty_space][vc_column_text]</p>
<p style="text-align: justify;">Ce garçon allait devenir un ardent défenseur de la paix, de la justice et du changement. Son amour pour la vérité et les idées qu&rsquo;il exprima dans ses écrits lui valurent d&rsquo;être emprisonné, torturé et banni. Malgré une intense persécution, sa vie et ses enseignements ont galvanisé une communauté croissante de disciples, en initiant une dynamique de progrès moral, spirituel et social qui a rayonné bien au-delà de la région pour embrasser la Terre entière.</p>
<p>[/vc_column_text][vc_empty_space][vc_column_text]</p>
<p style="text-align: justify;">Ce mouvement s&rsquo;appelle la foi bahá&rsquo;íe, et les paroles de son fondateur, Bahá&rsquo;u&rsquo;lláh, sont aujourd&rsquo;hui considérées par des millions de croyants comme le message de Dieu à l&rsquo;humanité pour cette période si cruciale et si critique de notre histoire. Jamais le monde n&rsquo;a eu autant besoin d&rsquo;unité, de paix, de justice, d&rsquo;égalité et d&rsquo;espoir qu&rsquo;aujourd&rsquo;hui. Jamais un message n&rsquo;a été si pertinent et approprié.</p>
<p>[/vc_column_text][vc_empty_space][vc_column_text]</p>
<p style="text-align: justify;">À l’occasion du bicentenaire de la naissance de Bahá’u’lláh, la communauté bahá&rsquo;íe de Belgique souhaite vous inviter à célébrer avec elle cet événement.</p>
<p>[/vc_column_text][vc_empty_space][vc_column_text][/vc_column_text][/vc_column][/vc_row][vc_row row_type= »parallax » parallax_content_width= »full_width » text_align= »left » background_image= »17791&Prime; full_screen_section_height= »no » section_height= »680&Prime; css= ».vc_custom_1507877561078{padding-top: 4% !important;padding-right: 0px !important;padding-bottom: 0px !important;padding-left: 0px !important;} »][vc_column css= ».vc_custom_1489737743485{padding-right: 0px !important;padding-left: 0px !important;} »][/vc_column][/vc_row][vc_row css_animation= » » row_type= »row » use_row_as_full_screen_section= »no » type= »grid » angled_section= »no » text_align= »left » background_image_as_pattern= »without_pattern » css= ».vc_custom_1505822394163{padding-top: 8% !important;padding-bottom: 8% !important;} »][vc_column]<div class="custom_font_holder " style="font-family: crimson text; font-style: normal; font-weight: 400; color: #4c4c4c; text-decoration: none; text-align: center; --qode-cf-font-size: 45px; --qode-cf-line-height: 55px; --qode-cf-font-size-1440: 45px; --qode-cf-line-height-1440: 55px; --qode-cf-font-size-1366: 45px; --qode-cf-line-height-1366: 55px; --qode-cf-font-size-1280: 45px; --qode-cf-line-height-1280: 55px; --qode-cf-font-size-1024: 45px; --qode-cf-line-height-1024: 55px; --qode-cf-font-size-768: 45px; --qode-cf-line-height-768: 55px; --qode-cf-font-size-680: 45px; --qode-cf-line-height-680: 55px; --qode-cf-font-size-480: 45px; --qode-cf-line-height-480: 55px;">Visionnez le film spécialement réalisé pour le bicentenaire</div>[vc_empty_space][vc_column_text]Nous vous invitons à regarder le film documentaire de 51 minutes intitulé « Lumière du monde » qui relate certains aspects de la vie et des enseignements de Bahá’u’lláh et montre comment son message transforme la vie des individus et des communautés.</p>
<p>&nbsp;</p>
<p>[/vc_column_text][vc_video link= »https://www.youtube.com/watch?v=OfuKfAaABaY »][vc_empty_space][vc_separator type= »normal » color= »#dddddd » up= »30&Prime; down= »70&Prime;][vc_column_text]</p>
<p style="text-align: justify;">Pour en savoir plus sur la religion bahá’íe, vous pouvez écouter une très belle émission de la Radio Catholique Francophone (RCF) – soixante minutes d&rsquo;informations claires, ponctuées d&rsquo;écrits et de prières de Bahá’u’lláh : <a href="https://rcf.fr/spiritualite/200e-anniversaire-de-bahaullah-fondateur-des-bahais">Écoutez l&rsquo;émission ici</a></p>
<p>[/vc_column_text][vc_empty_space height= »65px »][vc_single_image image= »17556&Prime; img_size= »full » alignment= »center » onclick= »custom_link » img_link_target= »_blank » qode_css_animation= » » link= »https://rcf.fr/spiritualite/200e-anniversaire-de-bahaullah-fondateur-des-bahais »][/vc_column][/vc_row]</p>
</div>

<p>[vc_row css_animation= » » row_type= »row » use_row_as_full_screen_section= »no » type= »grid » angled_section= »no » text_align= »left » background_image_as_pattern= »without_pattern » css= ».vc_custom_1505896425334{padding-top: 4% !important;padding-bottom: 1% !important;} »][vc_column][/vc_column][/vc_row][vc_row css_animation= » » row_type= »row » use_row_as_full_screen_section= »no » type= »grid » angled_section= »no » text_align= »left » background_image_as_pattern= »without_pattern » css= ».vc_custom_1505826233836{padding-top: 4% !important;padding-bottom: 8% !important;} »][vc_column width= »2/3&Prime; offset= »vc_col-lg-offset-2&Prime;][vc_column_text] Il y a 200 ans en Perse (l&rsquo;Iran actuel), dans un pays qui commençait tout juste à s&rsquo;ouvrir aux idées occidentales mais était encore dominé par la superstition et bloqué dans son avancement par un clergé puissant et profondément traditionnel, naquit un garçon dans une noble famille de Téhéran. C&rsquo;était le premier-né d&rsquo;un conseiller très respecté à la Cour, un homme intègre et vertueux, dont les conseils étaient recherchés par les plus hauts dignitaires du pays. [/vc_column_text][vc_empty_space][vc_column_text] Ce garçon allait devenir un ardent défenseur de la paix, de la justice et du changement. Son amour pour la vérité et les idées qu&rsquo;il exprima dans ses écrits lui valurent d&rsquo;être emprisonné, torturé et banni. Malgré une intense persécution, sa vie et ses enseignements ont galvanisé&#8230;</p>
